u = 342 + d. Calculate the remainder when u is divided by 15.
14
Calculate the remainder when 74 is divided by ((-3)/2)/((-30)/560).
18
Suppose -3*c = 4*w - 32, 28 = 4*c - 10*w + 8*w. What is the remainder when 26 is divided by c?
2
Suppose -25*f + 5*g = -22*f - 1848, 5*g = -f + 616. Calculate the remainder when f is divided by 6.
4
Let s(r) = 43*r - 35. Calculate the remainder when s(6) is divided by 45.
43
Suppose 21 = -6*j - 3. Calculate the remainder when 69 is divided by (-150)/4*j/6.
19
Suppose 5*g - 8 = 7*g, 5*w - 664 = -4*g. Calculate the remainder when w is divided by 14.
10
Suppose 0 = b - 22 - 5. Let f(k) = 17*k - 89. Let r be f(18). Suppose 0 = -215*l + r*l - 102. Calculate the remainder when l is divided by b.
24
Let q(m) = -m**3 + 21*m**2 + 55*m - 33. What is the remainder when q(23) is divided by 85?
4
Let s(u) = 2*u - 1 - 9*u**2 - 9*u**3 + 3 + 8*u**2. Calculate the remainder when 38 is divided by s(-1).
6
Let y(q) = 2*q**3 + 6*q**2 + 10*q + 15. Let g be y(-5). Calculate the remainder when (-5562)/g - (-4)/5 is divided by 22.
20
Let z(r) = 2*r**2 - 4*r - 3. Let c be z(-1). Suppose 2*f + c*f - 3*u - 87 = 0, -f + 4*u + 31 = 0. What is the remainder when 53 is divided by f?
8
Let j = 50 + -27. What is the remainder when (0 - (-21)/(-2))/(-3)*(-233988)/(-8029) is divided by j?
10
Suppose -32*p + 812 = -1108. Calculate the remainder when p is divided by 20.
0
Let i be -2 - ((-5)/(-5) - 5). Calculate the remainder when 8 is divided by ((-42)/49 + i)/(4/14).
0
Let v(b) = -35*b**3 + 3*b**2 + b - 2. What is the remainder when v(-1) is divided by 22?
13
Let q(a) = a - 3. Let u be q(0). Let m be -4*(329/(-28) + 5). Let t = m + u. What is the remainder when t is divided by 13?
11
Suppose 0 = -0*i + 4*i + 64. Let c = i - -21. Let o(z) = 8*z + 4. Calculate the remainder when o(c) is divided by 15.
14
Suppose 0 = -3*g - 16*g + 570. What is the remainder when 476 is divided by g?
26
Let r = -555 - -586. Let q(w) = -w**3 + w + 52. Let v be q(0). Suppose -4*x = 8 - v. Calculate the remainder when r is divided by x.
9
Suppose 4*d = 12 - 0. Suppose 5*p + d = 18. Let c = p + 2. What is the remainder when 14 is divided by c?
4
Suppose 5*l = 2*r - 11, 2*r + 3*r = 3*l + 18. Suppose -r - 6 = -p. What is the remainder when 16 is divided by p?
7
Let v(c) = -28*c**3 - 2*c**2 + 1. Let w be v(-1). Suppose -15*y = -14*y - w. Calculate the remainder when 159 is divided by y.
24
Let x = -46 + 50. Suppose -x*t = -3*z - 55, -4*t + 2*z = t - 67. Calculate the remainder when 48 is divided by t.
9
Suppose 2*y = m + 209, 0 = -4*m + 10 + 2. Let r(d) = -2*d**3 - 5*d**2 - 6*d - 9. Calculate the remainder when y is divided by r(-3).
16
What is the remainder when (-26)/(133/27 + (6 - 11)) is divided by 32?
31
Let n(g) = 2*g + 23. Let a be n(-21). Let m(o) = o**3 + 19*o**2 + 2. What is the remainder when 5 - -1*(-1 + 1) is divided by m(a)?
1
Suppose 16 = 3*n + n + 5*v, 4*v + 16 = 4*n. Suppose 0 = x - 3, n*z = -6*x + 3*x + 57. What is the remainder when z is divided by 4?
0
Let w(m) = 5*m**2 + 15*m - 5. What is the remainder when w(-7) is divided by 46?
43
Let l(k) = -7*k + 411. What is the remainder when 277 is divided by l(53)?
37
Suppose -4*h + 2084 = 4*m, 0*h = -5*m - 4*h + 2600. What is the remainder when m is divided by 75?
66
Suppose -2*b = 5*k - 210, 5*b = -3*k - 22 + 129. Calculate the remainder when 93 is divided by k.
5
Suppose 2*x = -x + 12, -3*o + 126 = 3*x. Suppose -43*t = -o*t - 55. Calculate the remainder when 53 is divided by t.
9
Suppose 12*p + 125 = 7*p. Let r(s) = -17*s**2 + 2*s - 1. Let g be r(1). Let m = g - p. Calculate the remainder when 35 is divided by m.
8
Suppose 5*b = -2*k + 223, 0 = -3*b + 7*b - 4. Let c = 453 - 442. Calculate the remainder when k is divided by c.
10
Suppose n - 5*x - 38 = 12, 2*n - 65 = 3*x. Calculate the remainder when 448 is divided by n.
23
Suppose -h + 3*l + 14 = 0, -3*h + 2*l + 20 = -h. What is the remainder when h/(-44) - 3216/(-22) is divided by 21?
20
Let o(c) = -2*c**3 - 2*c**2 + c. Let w(r) = -2*r**2 + 20*r + 90. Calculate the remainder when o(-3) is divided by w(13).
9
Let g be 3 - -236 - (5 - 7). Let x = g + -157. What is the remainder when x is divided by 43?
41
Let u = -160 + 259. Let r = 166 - u. What is the remainder when 399 is divided by r?
64
Let t(o) = -o**3 + 5*o**2 + 7*o - 5. Let b be t(6). Suppose z - 59 = -5*w, -b = -z - 2. What is the remainder when 20 is divided by w?
8
Let c(r) = 5*r**2 - 2*r - 1. Let v(l) = 29*l - 670. What is the remainder when c(-3) is divided by v(24)?
24
Suppose -5*u - y + 100 = -0*y, -4*u + 5*y + 109 = 0. Suppose 475 = j - 5*k + 461, 2*k - 205 = -5*j. What is the remainder when j is divided by u?
18
Suppose -2*g - 88 = -3*f + 67, 273 = 5*f + 4*g. Calculate the remainder when 264 is divided by f.
52
Let p(q) = q**2 - 9*q - 9. Calculate the remainder when 153 is divided by p(11).
10
Let k(g) = g**2 + 2*g + 1. Let j be k(-1). Let u = j + 13. Calculate the remainder when (-42)/(-4)*(-98)/(-21) is divided by u.
10
Calculate the remainder when 354 is divided by 22/((18/(-81))/(22/(-18))).
112
Let q(y) = -y**3 - 3*y**2 + 4*y + 2. Let z be q(-4). Suppose -4*s = -w + 25, -s - z = -2*w + 27. Calculate the remainder when 127 is divided by w.
10
What is the remainder when 486 is divided by (228/(-16) - 1)*-4?
59
Let h(z) = -z - 3. Suppose -2*g - 4*t = -56, 3*t - 97 + 13 = -3*g. Let x = g + -39. What is the remainder when h(x) is divided by 3?
2
Let f(s) = 5*s - 2. Let r be f(6). Let n(m) = 512*m + 6170. What is the remainder when n(-12) is divided by r/(-1 - -3) - 0?
12
Let g = 176 - 169. Let q be 2/(-4)*(-2 - 0). Suppose 3 = d - q. Calculate the remainder when g is divided by d.
3
Let f = 25 + -9. Let b = f - 30. Let i = 1 - b. Calculate the remainder when 42 is divided by i.
12
Let t(n) = -4*n**3 + 2*n**2 + 3*n + 2. Let y be (-10)/55 - 18/22. Let g(h) = 13*h**2 - h. What is the remainder when g(y) is divided by t(-1)?
4
Let y(s) = s**2 + s**3 + 2*s**2 - 2 - 5*s - 2*s - 3. Calculate the remainder when 24 + 0 - (-3 - 0) is divided by y(-4).
6
Let l = 139 + -48. What is the remainder when 181 is divided by l?
90
Let q(i) = i**2 + 3*i - 7. Let p be q(-5). Suppose 4*r - 208 = p*w, 4*r - w - 216 = -0*w. Calculate the remainder when r is divided by 14.
13
Let x(b) = -38*b - 208. Suppose -q + 3*k + 46 = -4, 4*k = -2*q + 50. What is the remainder when q is divided by x(-6)?
15
Suppose 0 = 6*m - 99 - 531. Suppose -m = -2*p - 3*p. Let h(j) = -14*j - 1. What is the remainder when h(-6) is divided by p?
20
Suppose 2*p - 5*p = -162. What is the remainder when p is divided by 11 + -14 + (1 - -10)?
6
Suppose -23*h + 14*h + 729 = 0. Calculate the remainder when h is divided by 22.
15
Let u = 486 - 409. Calculate the remainder when u is divided by 28.
21
Let c = 751 - 515. What is the remainder when (0 + 2)/(4 + c/(-60)) is divided by 8?
6
Let c = -1072 - -1197. Calculate the remainder when c is divided by 6.
5
Suppose 11*h = h + 20. Suppose 5*l + 136 + 119 = 5*v, h*v - l = 103. Calculate the remainder when v is divided by 18.
16
Let o(x) = -6*x - 11. Suppose -m - m = 2*p + 20, 4*p + 16 = 0. What is the remainder when 70 is divided by o(m)?
20
Calculate the remainder when 127766/(-1737)*(1 + 0 + -10) is divided by 17.
16
Let x(w) = 7*w**2. What is the remainder when x(-3) is divided by (-3)/(-39)*1*-2 - (-12384)/559?
19
Suppose 48 - 4 = 11*r. Suppose -16 = t - r*y, 5 = 5*t - y - 2*y. What is the remainder when 14 is divided by t?
2
Let h(a) = -276*a + 1. Calculate the remainder when h(-1) is divided by 35.
32
Suppose -4*a + 601 = a - 4*t, -5*a + t + 589 = 0. What is the remainder when a is divided by 2*1 - (-56)/(-6 + 8)?
27
Suppose 4*z = -r + 22, 3*z + 107 = 4*r - 0*r. What is the remainder when 360 is divided by r?
22
Let a(f) = f**3 - 6*f**2 - f + 8. Let r be a(6). Let y be 1/r*(6 + 0). What is the remainder when (-2 - -16) + (-6)/y is divided by 7?
5
Suppose 4*g = 69 - 21. Suppose 10 = 5*h - 0*h. Suppose h*o + 6 = 76. What is the remainder when o is divided by g?
11
Let y = 435 - 427. What is the remainder when 28 is divided by y?
4
Suppose -5*p + 149 = 4*c, 5*c - 2 - 32 = -p. Suppose 2*u = 13*u - 187. What is the remainder when p is divided by u?
12
Suppose 0 = 6*h - 9*h + 486. Calculate the rem